d by h.
1
Let x be (-4)/(6/(-3)) + -2. Let a = -1 - x. Calculate the remainder when 40 is divided by 1*14*(a + 2).
12
Let y = 172 + -90. What is the remainder when y is divided by 17?
14
Suppose 5*u + 5*w - 30 = 0, w = -5*u + 6*w. Suppose -2*j = -u*j + 31. Suppose -3*z + 4*z = 4*a - j, -z + 9 = a. What is the remainder when 15 is divided by a?
7
Suppose 2*j - 2*o - 26 = -0*j, 2*o = 3*j - 43. Let c be 2/(-7) + (-800)/(-56). Let a = 24 - c. Calculate the remainder when j is divided by a.
7
Let x = 6 - 3. Suppose -3*j - 19 = -g, -x*g + 3 = j - 4. Suppose -g*l = l - 60. What is the remainder when 22 is divided by l?
10
Let y = -22 + 39. Let u(p) = 2*p - 6. Let n be u(6). Suppose n*s - 18 = 4*s. What is the remainder when y is divided by s?
8
Let m(k) = -k**3 - 2*k - 3. Let a be ((-24)/9)/4*-3. Let g = a - 4. What is the remainder when 26 is divided by m(g)?
8
Suppose 6*c + 5 = c. Let j = 4 - c. Let l = 0 - -4. What is the remainder when j is divided by l?
1
Suppose 5*l - 20 = 0, -5*l = -5*i - 0*l + 55. Calculate the remainder when 42 is divided by i.
12
Let k = 27 - 10. What is the remainder when 31 is divided by k?
14
Suppose -4*z - h = -54, -4*h - 22 = 3*z - 56. Let n be (-5)/(15/6) + -58. Let w = n + 100. Calculate the remainder when w is divided by z.
12
Suppose -3*q = f - 0*f - 18, -5*q = 3*f - 30. Let h be 2/q*0 + -2. What is the remainder when 36 is divided by (-17)/((-1)/1) - h?
17
Suppose -4*r = -37 - 51. Suppose z + 20 = 6*q - 4*q, 0 = 4*q - 4*z - 48. Calculate the remainder when r is divided by q.
6
Suppose 0 = 4*a - 4*t - 316, -4*t = 5*a - 0*t - 413. Calculate the remainder when a is divided by 21.
18
Let g(q) = -q**2 - 9*q + 13. Let v(y) = y**3 + 6*y**2 - 5*y + 5. Let h be v(-7). Calculate the remainder when g(h) is divided by 4.
1
Let r(x) = -x**2 + 15*x - 2. Calculate the remainder when r(8) is divided by 19.
16
Suppose -f + 2*h + 12 = -5*f, 18 = -2*f - 4*h. Let c(l) = -l - 4. Let g(y) = 1. Let v(q) = f*c(q) - 2*g(q). Calculate the remainder when 13 is divided by v(5).
6
Suppose -24 = -4*g + 2*g. What is the remainder when ((-4)/(-6))/(4/210) is divided by g?
11
Suppose -5*y + 76 = -y. Let f(t) = -54*t**3 + 1. Let d = -8 + 7. What is the remainder when f(d) is divided by y?
17
Let g be 2/2 - (-4 + 3). Calculate the remainder when 32 is divided by (1/(-3))/(g/(-66)).
10
Suppose 22 = 5*r - s - 4, 0 = -5*s - 5. Suppose 0 = -5*d, -5*d - r = -2*z + 1. Calculate the remainder when 9 is divided by z.
0
Let s = -55 - -79. What is the remainder when 71 is divided by s?
23
Let a = 6 - 4. Suppose 38 = 4*c + 6. Calculate the remainder when (21 - 2) + 6/a is divided by c.
6
Let z be (-16)/6*(-4 - 35). Suppose 10*g = 14*g - z. Calculate the remainder when g is divided by 9.
8
Let w(t) = 8*t + 2. Calculate the remainder when 101 is divided by w(3).
23
Let w(d) = d**2 - 3*d + 16. Let k(c) = -2*c**2 + 4*c - 17. Let y(a) = 2*k(a) + 3*w(a). What is the remainder when 40 is divided by y(0)?
12
Suppose -3*h - 4 = -5*y - 48, 2*h + 4 = -5*y. Calculate the remainder when h is divided by 6.
2
Let q = -43 + 131. What is the remainder when q is divided by 13?
10
Suppose 4*u + 428 = 9*u - 4*z, -4*u + 361 = 3*z. Calculate the remainder when u is divided by 15.
13
Suppose 4*b + 190 = 9*b. What is the remainder when b is divided by 21?
17
Let v be 1/(-5) - 267/15. Let w be 2/9 - (-166)/v. Calculate the remainder when 308/9 + 2/w is divided by 12.
10
Let v = -197 - -200. Let q(w) = w**2 - w + 1. What is the remainder when q(2) is divided by v?
0
Suppose x = 24 - 2. Calculate the remainder when 64 is divided by x.
20
Let t(k) = 4*k - 1. Let q be t(1). Calculate the remainder when (26/q)/((-2)/(-3)) is divided by 8/6*1*6.
5
What is the remainder when 159 is divided by ((-12)/(-30))/(3/300)?
39
Let i be -3 + (45 - 2)*-1. Let j = i + 83. Calculate the remainder when j is divided by 10.
7
Let h be (12/8)/((-3)/(-34)). Suppose h = 4*d + w - 80, 4*w = -3*d + 89. What is the remainder when d is divided by 6?
5
Suppose -3*f - 3 = 3*b - 8*f, 5*b + 4*f - 32 = 0. Let q(m) = m + 1. Let t be q(b). Calculate the remainder when (6/5 - -2)*t is divided by 9.
7
Let r(y) = -y**2 + y. Let t be r(0). Suppose t = 4*o - 16 - 16. Let k = 9 + 13. Calculate the remainder when k is divided by o.
6
Suppose -35 = -h + 6*h. Let o = 16 + h. What is the remainder when (-7)/((-84)/208) - 3/9 is divided by o?
8
Let o be 1/(-2)*0/3. Suppose -3*r + o + 6 = 0. Let p = -6 + 9. Calculate the remainder when p is divided by r.
1
Suppose -14*o = -4*o - 100. What is the remainder when o is divided by 4?
2
Let m(a) = a**2 + 3*a - 4. Calculate the remainder when 28 is divided by m(-5).
4
Suppose 6*u - 2*u = -3*a - 12, 15 = 4*a - 5*u. Suppose a = -4*q + t + 84, 5*q + 2*t = 34 + 58. What is the remainder when 58 is divided by q?
18
Let u = 0 - -6. Suppose 0 = -0*g + 2*g - 30. Let h = g - u. What is the remainder when 16 is divided by h?
7
Suppose -5*k = -9*k + 176. Calculate the remainder when k is divided by 15.
14
Let p = -46 - -83. What is the remainder when p is divided by 10?
7
Let y = 8 - -7. Let t = -724 - -796. Calculate the remainder when t is divided by y.
12
Suppose 0 = z - 0*z. Let j(q) = z + 0*q + 3*q + 7. What is the remainder when j(6) is divided by 13?
12
Let a(m) = -2*m - 2. Let c = -22 + 11. Let g be a(c). Calculate the remainder when 57 is divided by (g/(-8))/((-1)/6).
12
Let n(t) = t**3 - 2*t**2 - 4. Let h be n(3). Let k = 14 + h. What is the remainder when k is divided by 11?
8
Suppose -y + 2*h - 13 = -2*y, 5*y + 3*h - 30 = 0. Suppose 4 = -3*r + 2*r, -102 = -y*s - 3*r. Let k = 67 - s. What is the remainder when k is divided by 10?
9
Let o be (-10)/(-4)*(-18)/(-15). Suppose o*q - 56 + 2 = 0. Calculate the remainder when (-106)/(-3) + 1/(-3) is divided by q.
17
Let n = -18 - -28. Suppose -9*g + n*g = 13. Calculate the remainder when 38 is divided by g.
12
Suppose 2*q - 8 - 20 = 0. Let i = 196 + -71. Suppose 2*l = -3*l + i. What is the remainder when l is divided by q?
11
Suppose 5*f = -38 + 3. Let c = f - -10. Suppose -2*h - 9 = -g - 3*h, -c*g + 39 = -3*h. What is the remainder when 32 is divided by g?
10
Let a(l) = l**3 + 8*l**2 - 2*l - 8. Calculate the remainder when 14 is divided by a(-8).
6
Suppose 3*j = h - 5*h + 108, -5*h = -3*j + 81. Suppose 0 = -f + 13 + 4. Calculate the remainder when j is divided by f.
15
Calculate the remainder when 9*597/63 - 2/7 is divided by 32.
21
Let j = -1062 + 1069. What is the remainder when ((-2)/(-2))/(1/11) is divided by j?
4
Calculate the remainder when 108 is divided by (1 - 0)/(1/52) - -3.
53
Let s(k) = -k**2 - 17*k - 9. Let p be s(-11). Suppose 33 = 5*f - 4*q - p, -f = -5*q - 18. What is the remainder when 35 is divided by f?
17
Let o(c) = c**2 - 4*c + 3. Let s be o(4). Let g be 6/9*s*1. Suppose -2*r - 2*n = -16, g*r - 2*n + n = 16. Calculate the remainder when 22 is divided by r.
6
Suppose -f + 0*p = -3*p + 5, -4*f - 10 = -2*p. Let g = 2 + f. Let t = 10 - g. Calculate the remainder when t is divided by 6.
4
Suppose 2*r - 3*r - 11 = 3*w, 12 = -4*r - 4*w. Calculate the remainder when 1 is divided by r.
0
Suppose -3*g + 0*b + 3*b = -18, 4*b = 2*g - 6. Let x(n) = -n**2 + 6*n + 3. Calculate the remainder when g is divided by x(6).
0
Suppose 2*j = 4*j - 34. Suppose 90 = 9*c + c. What is the remainder when j is divided by c?
8
Let l be 5/((-5)/2) - -4. Suppose -3*k - 4*y + 167 = -l*y, 4*k = y + 241. Calculate the remainder when k is divided by 15.
14
Suppose k - 42 + 11 = 0. What is the remainder when k is divided by 51*2/36*6?
14
Suppose -f + 5 = 2*t - 3*t, 4*t + 2*f = 4. What is the remainder when 2 - (1/t + 1) is divided by 1?
0
Suppose 2*r + 1 = 5. Suppose -5 + 13 = -r*z - 4*h, -4*h + 10 = 5*z. Calculate the remainder when 10 is divided by z.
4
Let v(h) be the first derivative of 5*h**2/2 - 10*h + 1. What is the remainder when v(7) is divided by 13?
12
Calculate the remainder when 138 is divided by (-4)/16 - 987/(-28).
33
Let q(b) be the third derivative of -b**6/40 - b**5/30 + b**4/12 + b**3/2 - b**2. What is the remainder when 345/12 + 6/24 is divided by q(-2)?
14
Let x = 20 + -15. What is the remainder when 7 is divided by x?
2
Let d(b) = b**2 - 3*b + 1. Let i be d(4). Suppose 0 = i*f - 96 - 4. Let o = 48 - 41. What is the remainder when f is 